 by i?
19
Suppose 52*j + 104 = 60*j. Suppose 3204 = -j*p + 49*p. What is the remainder when p is divided by (-90)/(-4) + (-1)/(-2)?
20
Let w = 380 + -253. Let y = 236 - 169. What is the remainder when w is divided by y?
60
Let x = -11068 + 11093. What is the remainder when 1773 is divided by x?
23
Suppose 95*x - 3*h = 94*x + 3410, 3*x = h + 10238. Calculate the remainder when x is divided by 190.
183
Suppose 2*d + 110 = 5*r, -3*r - 3*d + d = -50. Suppose -i - r = -26. Calculate the remainder when i is divided by 4.
2
Suppose -198*u + 201*u - 2118 = 0. Let x = -605 + u. Calculate the remainder when x is divided by 13.
10
Suppose -5*i + 2154 = 2*k, 69*k - 70*k + 7*i + 1020 = 0. Calculate the remainder when k is divided by 26.
22
Suppose -2*z + 224 = 4*d, 948*d = 2*z + 950*d - 210. Suppose -4*x + 182 = b, 2*x = 2*b - 265 - 119. Calculate the remainder when b is divided by z.
92
Suppose -24*a + 9*a = -540. What is the remainder when a is divided by 40/6*(-3)/(-2)?
6
Let v(m) = -m**2 + 11*m - 16. Let g be v(5). Suppose -236 + 712 = g*q. Calculate the remainder when 469 is divided by q.
27
Suppose -2*s - 4*q = -304, 0*q = 3*s - q - 498. Let d = 70 + 58. Suppose -4*n + 40 = -d. Calculate the remainder when s is divided by n.
38
Suppose 5*l + 11*z - 570 = 8*z, -5*z = -5*l + 610. Let x = -6 + 30. Calculate the remainder when l is divided by x.
21
Let r(s) = -s**2 + 10*s + 15. Let v be r(7). Let i = -36 + v. Suppose -m - 60 = -4*x, 0 = 5*m - i + 20. What is the remainder when 26 is divided by x?
12
Suppose -2*r - 2*b = -178, -4*r + 2*b = 4*b - 352. Calculate the remainder when r - (4/10 - (-198)/(-45)) is divided by 19.
15
Suppose 0 = -2*v + 4. Suppose i - 20 = -2*j - 5, 5*i - v*j = 123. Let u = 41 - i. Calculate the remainder when 31 is divided by u.
13
Suppose -2*f + 91 = -15. Let u be (-4)/(8/32 + 2/8). Calculate the remainder when f is divided by u/(-6)*(-588)/(-56).
11
Let j(n) = -183*n**3 + 3*n**2 - 4*n + 2. Let z be j(1). Let q = -174 - z. Suppose 36 = 3*p - 33. What is the remainder when p is divided by q?
7
Suppose -4*k = -3*o + 123, -36 = -3*o - k + 102. What is the remainder when 1034 is divided by o?
44
Let p = -2810 + 4655. Calculate the remainder when p is divided by 22.
19
Suppose 5*m - 4*l = 161 + 469, 2*m = 5*l + 235. Let c(j) = 2*j**2 - 197*j + 4545. Calculate the remainder when m is divided by c(62).
16
Suppose 63664 = 54*b + 292*b. What is the remainder when 4775 is divided by b?
175
Suppose -876*w = -883*w + 2170. Suppose c - 17 = 5*b + 16, 57 = 5*c + 2*b. What is the remainder when w is divided by c?
11
Suppose 5*q + 168 = 1023. Let r(d) = 17*d - 212. What is the remainder when q is divided by r(14)?
15
Suppose 778 = 2*j + 5*m, 0 = -18*j + 19*j + 3*m - 392. Calculate the remainder when j is divided by 202.
172
Let m be (-2)/(-13) + (-8196)/39. Let s be ((-12)/(-15))/((-6)/m). Suppose -3*d = -98 - s. Calculate the remainder when d is divided by 11.
9
Let v = 1743 - 1013. Let f = v + -707. Let n = -96 + 163. Calculate the remainder when n is divided by f.
21
Let g(x) = 279 - 2*x - 81 - 80 - 75. What is the remainder when g(12) is divided by 8?
3
Let y = -80 - -78. Let l be (3/y)/(5/30). Calculate the remainder when 17 is divided by (-5)/(-1) + 8 + l.
1
Suppose -3*b + 5*o = 137, 0*o = -5*b + 5*o - 225. Let p = -28 - b. What is the remainder when (-63)/2*(15 - 19) is divided by p?
14
Let b(j) = -j**3 + 6*j**2 - 3*j - 3. Suppose 2*c - 77 - 125 = -4*m, -6*c + 596 = 2*m. What is the remainder when c is divided by b(4)?
14
Let i(m) = 5*m**2 + 29*m + 110. Suppose 0 = 5*d + 2*j + 318, -2*j = -4*d + 3*j - 228. Let u = d + 87. What is the remainder when i(-8) is divided by u?
23
Let h(w) = -w**3 - 2*w**2 - w + 4. Let k be h(0). Let g be k/(-26) + (-837)/(-117). Suppose 21 = 7*u - g. Calculate the remainder when 9 is divided by u.
1
Suppose 0 = -4*a - 2*m + 330, 2*a = 5*m - 75 + 234. What is the remainder when 816 is divided by a?
78
Let s = -236 + 237. Let k(m) = 145*m**3 - m**2 + m - 1. What is the remainder when k(s) is divided by 29?
28
Suppose 60 = -2*d + 4*y + 120, 2*y = -2. Let q = -58 + 128. What is the remainder when q is divided by d?
14
Let w(m) = -5*m + 6. Let z(y) = -y**2 - 46*y - 72. Let i be z(-44). What is the remainder when w(-7) is divided by 224/i*(-2)/(-2)?
13
Suppose 130 = 2*y - p - 0*p, 0 = -y - 5*p + 87. Let g(i) = 2 + 4*i + 4*i + 0*i - 1. What is the remainder when y is divided by g(2)?
16
Let n(x) = x**3 + 11*x**2 + 6*x - 14. Let c be 261/(-27) + 2/(-6). Calculate the remainder when n(c) is divided by 9.
8
Let v = 795 - 793. Suppose -h + 8 = -v*x, -3*h - x + 1 + 16 = 0. Suppose 28 = -f + 5*f. Calculate the remainder when f is divided by h.
1
Calculate the remainder when 1 + 85/5 - -1150 is divided by 27.
7
Let d(m) = 1330*m - 2991. What is the remainder when d(3) is divided by 255?
234
Let o = 3326 - 3156. What is the remainder when 6287 is divided by o?
167
Let s(j) = 2259*j + 13601. Calculate the remainder when 2675 is divided by s(-6).
43
Let a be 2/4 + ((-2185)/10)/19. Let k(b) = b**3 + 7*b**2 - 49*b - 13. Calculate the remainder when (0 + (-246)/(-8))*4 is divided by k(a).
39
Suppose -275*d + 381*d - 867186 = 0. What is the remainder when d is divided by 24?
21
Suppose 2*l + 147 = 5*l. Suppose 23*a - 79 = 108 + 112. What is the remainder when l is divided by a?
10
Calculate the remainder when (3685/(-11))/((-1)/2) is divided by 14.
12
Suppose -81 + 605 = 4*x. Calculate the remainder when x is divided by 0 + (-12 - -38) + 1 + 0.
23
Suppose 423*z - 360 = -2*n + 422*z, -352 = -2*n + 3*z. What is the remainder when 1253 is divided by n?
0
Let u(o) = -167*o + 1494. What is the remainder when u(8) is divided by 71?
16
Let l = 34 - 31. Suppose l*p + 10 = 5*p. Suppose p*w - 274 = 2*i, 8*w = 3*w - 2*i + 266. What is the remainder when w is divided by 28?
26
Let n = 248 + -245. Suppose -n*v - 157 = 7*r - 11*r, 117 = 3*r - 2*v. What is the remainder when 179 is divided by r?
31
Suppose 0 = -2*a - 3*c + 5, 0 = 2*a - 0*a + 4*c. Let w(j) = j**3 - 3*j**2 - 54*j + 11. Calculate the remainder when w(a) is divided by 53.
12
Suppose -521 = -3*f + 5*w, -15*w = 3*f - 9*w - 444. Calculate the remainder when f is divided by 31.
7
Let t(c) = 30*c**2 - 5*c - 3. Let r(j) = j**2 - j + 1. Let z be 7/3 - 8/24*1. Let u(o) = z*r(o) + t(o). What is the remainder when u(-2) is divided by 11?
9
Let z be -1*((2 - 3) + 1). Suppose -k + 9 - 11 = z. Calculate the remainder when 7 - 11 - (-8 + k) is divided by 2.
0
Suppose 340 - 30 = 5*z - 5*l, 0 = -2*z + 5*l + 106. Calculate the remainder when 96 is divided by z.
28
Let f = 537 + -533. Suppose 0 = -4*t - f*s - 50 + 166, -2*t + 3*s = -43. Let r = 154 + -56. What is the remainder when r is divided by t?
20
Suppose j - 57 - 41 = -4*z, 520 = 5*j + 5*z. Suppose -10*s + j = -514. Calculate the remainder when 182 is divided by s.
58
Calculate the remainder when ((-3)/((-330)/(-7730)) + 9)*-11 is divided by 288.
98
Calculate the remainder when ((-2501)/(-82))/(2/16) is divided by 33.
13
Suppose -5*n - 18 - 8 = 2*w, 0 = 5*w + 2*n + 86. Calculate the remainder when w/(-4) - (8/(-8))/2 is divided by 4/6 + 7/3.
2
Let b(q) = 2*q**2 + 15*q + 38. Let x(c) = -2*c**2 + 25*c + 16. Let u be x(14). Let h = 18 + u. What is the remainder when b(h) is divided by 5?
1
Let r(i) = -18*i + 11. Let u(y) = -6*y + 4. Let j(o) = 2*r(o) - 7*u(o). Let l = -2939 - -2990. Calculate the remainder when l is divided by j(4).
15
Suppose -9*j - 7370 = -11*j - 53*j. Calculate the remainder when 3349 is divided by j.
133
Let v = 573 + -520. Suppose v*z - 47*z = 450. Calculate the remainder when 524 is divided by z.
74
Let g(x) = 58*x**3 + 464*x**2 - 11*x + 4. Calculate the remainder when 549 is divided by g(-8).
89
Let k = -22 - -22. Let b(s) = s**3 + s**2 + 34. Suppose 6 = -4*i + 42. What is the remainder when b(k) is divided by i?
7
Let f be -45 + 5 + (-44)/4. Let k = 59 + f. What is the remainder when 119 is divided by k?
7
Suppose 3*b = 5*z - 1 - 0, 0 = 2*z - 2*b + 2. Let v(y) = 4*y**2 + y + 1. What is the remainder when 189 is divided by v(z)?
18
Let l = -2950 - -3297. Calculate the remainder when l is divided by 50.
47
Suppose 35 = 4*t + 11. Suppose 0 = 4*v - t*v + 6. Let q(k) = k**3 + k + 1. What is the remainder when v is divided 